1?
13, 9467
What are the prime factors of 39758?
2, 103, 193
What are the prime factors of 118421?
79, 1499
List the prime factors of 3434931.
3, 381659
What are the prime factors of 2336211?
3, 29, 8951
What are the prime factors of 1264008?
2, 3, 52667
What are the prime factors of 1007104?
2, 7, 281
What are the prime factors of 1241180?
2, 5, 229, 271
What are the prime factors of 1287418?
2, 11, 139, 421
List the prime factors of 178888.
2, 59, 379
List the prime factors of 87861.
3, 29287
List the prime factors of 1277681.
359, 3559
List the prime factors of 3995266.
2, 11, 181603
What are the prime factors of 34189?
179, 191
List the prime factors of 1515981.
3, 505327
List the prime factors of 7474072.
2, 934259
List the prime factors of 387028.
2, 96757
What are the prime factors of 17702315?
5, 47, 75329
What are the prime factors of 33332831?
7, 439, 10847
List the prime factors of 16991791.
71, 89, 2689
What are the prime factors of 5449721?
5449721
What are the prime factors of 1774450?
2, 5, 23, 1543
What are the prime factors of 1114726?
2, 107, 5209
List the prime factors of 202391.
7, 29, 997
List the prime factors of 185417.
157, 1181
What are the prime factors of 339138?
2, 3, 83, 227
What are the prime factors of 549813?
3, 11, 16661
List the prime factors of 211539.
3, 107, 659
List the prime factors of 144664.
2, 13, 107
What are the prime factors of 320849?
71, 4519
What are the prime factors of 411311?
411311
What are the prime factors of 136919?
23, 5953
List the prime factors of 25222358.
2, 7, 257371
What are the prime factors of 231635?
5, 46327
What are the prime factors of 190863?
3, 7069
What are the prime factors of 9833373?
3, 11, 113, 293
List the prime factors of 221643.
3, 8209
List the prime factors of 813213.
3, 30119
What are the prime factors of 1760694?
2, 3, 13, 22573
What are the prime factors of 23756846?
2, 1447, 8209
What are the prime factors of 16835246?
2, 8417623
List the prime factors of 6043777.
47, 128591
What are the prime factors of 8025415?
5, 1605083
What are the prime factors of 495606?
2, 3, 82601
List the prime factors of 1627208.
2, 11, 41
What are the prime factors of 4539651?
3, 19, 73, 1091
What are the prime factors of 543719?
11, 49429
What are the prime factors of 999027?
3, 163, 227
What are the prime factors of 4263993?
3, 23, 20599
List the prime factors of 1230385.
5, 13, 23, 823
What are the prime factors of 1187629?
1187629
What are the prime factors of 11955?
3, 5, 797
What are the prime factors of 10975831?
10975831
What are the prime factors of 318072?
2, 3, 29, 457
List the prime factors of 1804454.
2, 902227
What are the prime factors of 684048?
2, 3, 14251
List the prime factors of 3098438.
2, 7, 221317
What are the prime factors of 207685?
5, 73, 569
List the prime factors of 686972.
2, 11, 13, 1201
List the prime factors of 72825.
3, 5, 971
List the prime factors of 329920.
2, 5, 1031
List the prime factors of 905542.
2, 11, 41161
What are the prime factors of 141864?
2, 3, 23, 257
What are the prime factors of 13288238?
2, 643, 10333
List the prime factors of 1250698.
2, 43, 14543
What are the prime factors of 2887917?
3, 41, 53, 443
List the prime factors of 20186.
2, 10093
List the prime factors of 63761.
63761
What are the prime factors of 13002185?
5, 7, 371491
What are the prime factors of 729673?
7, 104239
What are the prime factors of 184864?
2, 53, 109
What are the prime factors of 14625342?
2, 3, 812519
What are the prime factors of 697393?
181, 3853
What are the prime factors of 60152?
2, 73, 103
What are the prime factors of 66051?
3, 41, 179
What are the prime factors of 2217291?
3, 479, 1543
What are the prime factors of 41657?
7, 11, 541
List the prime factors of 113440.
2, 5, 709
What are the prime factors of 5806730?
2, 5, 580673
List the prime factors of 490944.
2, 3, 2557
List the prime factors of 451858.
2, 11, 19, 23, 47
List the prime factors of 178886.
2, 89443
What are the prime factors of 282641?
179, 1579
List the prime factors of 1362223.
1362223
List the prime factors of 20545244.
2, 5136311
What are the prime factors of 599887?
19, 31573
What are the prime factors of 1305638?
2, 29, 22511
List the prime factors of 507326.
2, 29, 8747
What are the prime factors of 584540?
2, 5, 11, 2657
List the prime factors of 459244.
2, 29, 37, 107
List the prime factors of 27797614.
2, 13, 59, 18121
List the prime factors of 1621027.
313, 5179
List the prime factors of 15813746.
2, 13, 79, 7699
List the prime factors of 11844291.
3, 17, 71, 3271
What are the prime factors of 230082?
2, 3, 31, 1237
List the prime factors of 1494393.
3, 37, 13463
List the prime factors of 844893.
3, 7, 13411
List the prime factors of 266351.
266351
List the prime factors of 36784631.
13, 31, 97, 941
What are the prime factors of 116019?
3, 4297
What are the prime factors of 5220351?
3, 211, 2749
List the prime factors of 186873.
3, 167, 373
List the prime factors of 4452066.
2, 3, 247337
What are the prime factors of 569465?
5, 13, 8761
List the prime factors of 1617478.
2, 808739
What are the prime factors of 90425?
5, 3617
List the prime factors of 17699031.
3, 7, 499, 563
List the prime factors of 239549.
421, 569
List the prime factors of 2191732.
2, 37, 59, 251
What are the prime factors of 362250?
2, 3, 5, 7, 23
What are the prime factors of 8580558?
2, 3, 7, 204299
List the prime factors of 17318099.
523, 33113
What are the prime factors of 5249?
29, 181
What are the prime factors of 68804?
2, 103, 167
What are the prime factors of 90692?
2, 7, 41, 79
What are the prime factors of 2168458?
2, 83, 13063
List the prime factors of 3623052.
2, 3, 23, 13127
What are the prime factors of 3560326?
2, 7, 11, 61, 379
List the prime factors of 1278255.
3, 5, 11, 61, 127
What are the prime factors of 500549?
7, 23, 3109
What are the prime factors of 585080?
2, 5, 14627
List the prime factors of 196209.
3, 13, 43
List the prime factors of 4603052.
2, 1150763
List the prime factors of 3089580.
2, 3, 5, 13, 17, 233
What are the prime factors of 659130?
2, 3, 5, 127, 173
List the prime factors of 695799.
3, 13, 19, 313
List the prime factors of 71057.
7, 10151
List the prime factors of 2580193.
7, 11, 4787
What are the prime factors of 107356?
2, 26839
List the prime factors of 3289816.
2, 53, 7759
List the prime factors of 135088.
2, 8443
List the prime factors of 878144.
2, 13721
List the prime factors of 5261658.
2, 3, 421, 2083
List the prime factors of 827384.
2, 103423
List the prime factors of 11327003.
127, 89189
List the prime factors of 1032869.
17, 60757
List the prime factors of 227725.
5, 9109
List the prime factors of 1942365.
3, 5, 129491
What are the prime factors of 1724316?
2, 3, 11, 13063
What are the prime factors of 10104402?
2, 3, 7, 11, 21871
What are the prime factors of 5993173?
5993173
What are the prime factors of 3821773?
31, 113, 1091
List the prime factors of 228737.
228737
What are the prime factors of 465702?
2, 3, 77617
What are the prime factors of 208058?
2, 23, 4523
List the prime factors of 4350364.
2, 1087591
List the prime factors of 3965689.
7, 13, 43579
What are the prime factors of 114238?
2, 57119
What are the prime factors of 6048562?
2, 13, 59, 3943
List the prime factors of 3354199.
1787, 1877
List the prime factors of 1424182.
2, 509, 1399
What are the prime factors of 2174721?
3, 19, 38153
List the prime factors of 190663.
11, 17333
What are the prime factors of 3058344?
2, 3, 14159
List the prime factors of 751053.
3, 79, 3169
What are the prime factors of 270490?
2, 5, 11, 2459
What are the prime factors of 121509?
3, 23, 587
List the prime factors of 46649.
46649
List the prime factors of 5847196.
2, 109, 13411
List the prime factors of 790199.
790199
List the prime factors of 5937522.
2, 3, 17, 58211
List the prime factors of 940163.
7, 2741
What are the prime factors of 1381925?
5, 167, 331
What are the prime factors of 5456456?
2, 17, 53, 757
List the prime factors of 357910.
2, 5, 7, 5113
What are the prime factors of 342008?
2, 42751
List the prime factors of 1067240.
2, 5, 26681
List the prime factors of 2055371.
41, 50131
What are the prime factors of 517196?
2, 239, 541
List the prime factors of 7761529.
2347, 33